{"id":18619,"date":"2024-06-27T09:34:42","date_gmt":"2024-06-27T09:34:42","guid":{"rendered":"https:\/\/artnft.com.tr\/?post_type=product&#038;p=18619"},"modified":"2024-06-27T09:34:42","modified_gmt":"2024-06-27T09:34:42","slug":"spacy-aydinlatma-siyah","status":"publish","type":"product","link":"https:\/\/artnft.com.tr\/?product=spacy-aydinlatma-siyah","title":{"rendered":"Spacy Ayd\u0131nlatma-Siyah"},"content":{"rendered":"<p>METAL<br \/>\nG\u00f6vdesi s\u0131vama tekni\u011fi ile el imalat\u0131 olarak \u00fcretilir.<br \/>\nY\u00fczeyler elektrostatik boya ile kaplan\u0131r.<br \/>\n\u0130\u00e7 mekanda kullan\u0131ma uygundur, E27 duya sahiptir. Y\u00fczeyde \u0131s\u0131 olu\u015fmamas\u0131 i\u00e7in Led ampul kullan\u0131lmal\u0131d\u0131r.<\/p>\n","protected":false},"excerpt":{"rendered":"<p>METAL G\u00f6vdesi s\u0131vama tekni\u011fi ile el imalat\u0131 olarak \u00fcretilir. Y\u00fczeyler elektrostatik boya ile kaplan\u0131r. \u0130\u00e7 mekanda kullan\u0131ma uygundur, E27 duya sahiptir. Y\u00fczeyde \u0131s\u0131 olu\u015fmamas\u0131 i\u00e7in Led ampul kullan\u0131lmal\u0131d\u0131r.<\/p>\n","protected":false},"featured_media":18620,"comment_status":"open","ping_status":"closed","template":"","meta":[],"product_cat":[15],"product_tag":[],"class_list":{"0":"post-18619","1":"product","2":"type-product","3":"status-publish","4":"has-post-thumbnail","6":"product_cat-uncategorized","7":"qodef-image--left","9":"first","10":"instock","11":"shipping-taxable","12":"product-type-simple"},"_links":{"self":[{"href":"https:\/\/artnft.com.tr\/index.php?rest_route=\/wp\/v2\/product\/18619","targetHints":{"allow":["GET"]}}],"collection":[{"href":"https:\/\/artnft.com.tr\/index.php?rest_route=\/wp\/v2\/product"}],"about":[{"href":"https:\/\/artnft.com.tr\/index.php?rest_route=\/wp\/v2\/types\/product"}],"replies":[{"embeddable":true,"href":"https:\/\/artnft.com.tr\/index.php?rest_route=%2Fwp%2Fv2%2Fcomments&post=18619"}],"wp:featuredmedia":[{"embeddable":true,"href":"https:\/\/artnft.com.tr\/index.php?rest_route=\/wp\/v2\/media\/18620"}],"wp:attachment":[{"href":"https:\/\/artnft.com.tr\/index.php?rest_route=%2Fwp%2Fv2%2Fmedia&parent=18619"}],"wp:term":[{"taxonomy":"product_cat","embeddable":true,"href":"https:\/\/artnft.com.tr\/index.php?rest_route=%2Fwp%2Fv2%2Fproduct_cat&post=18619"},{"taxonomy":"product_tag","embeddable":true,"href":"https:\/\/artnft.com.tr\/index.php?rest_route=%2Fwp%2Fv2%2Fproduct_tag&post=18619"}],"curies":[{"name":"wp","href":"https:\/\/api.w.org\/{rel}","templated":true}]}}